 u(383).
-1
Let u(v) = -v**3 - 53*v**2 + 136*v + 1426. Calculate u(-55).
-4
Let j(q) = -20008*q + 160062. What is j(8)?
-2
Let x(t) = -19*t**2 + 3341*t + 522. Determine x(176).
-6
Let m(c) = -7*c + 458. Calculate m(-9).
521
Let o(n) = n**2 - 86*n + 1755. Determine o(54).
27
Let y(l) = -2*l**2 + 21*l - 56. Calculate y(4).
-4
Let k(s) = -s**3 + s**2 + 11*s + 14. What is k(-5)?
109
Let g(m) = m**3 - 67*m**2 + 247*m + 28. Give g(4).
8
Let p(d) = 151*d - 3341. Give p(22).
-19
Let c(r) = 322*r**2 + 3539*r - 29. Give c(-11).
4
Let b(v) = -17*v + 135. Give b(6).
33
Let u(g) = g**3 - 29*g**2 - 61*g + 69. Determine u(31).
100
Let j(h) = -7639*h + 15285. What is j(2)?
7
Let m(a) = 5*a**2 - 47*a + 24. What is m(9)?
6
Let y(v) = v**2 + 62*v + 712. Give y(-47).
7
Let o(v) = -v**3 - 153*v**2 + 149*v - 771. Give o(-154).
-1
Let v(o) = -2*o**2 + 71*o - 402. Calculate v(7).
-3
Let q(x) = -x**3 - 10*x**2 - 16*x - 4. Give q(-9).
59
Let v(b) = -67*b - 339. What is v(-4)?
-71
Let f(s) = -2*s**2 + s + 11. Determine f(-7).
-94
Let k(p) = 6*p**2 + 18*p - 7. Calculate k(-7).
161
Let u(d) = -d**3 - 9*d**2 + 10*d + 101. What is u(-10)?
101
Let c(m) = 5*m**3 + 24*m**2 + 7*m + 9. Calculate c(-4).
45
Let z(s) = 167*s - 8196. Determine z(49).
-13
Let a(k) = -98*k + 55. What is a(1)?
-43
Let x(q) = q**2 - 15*q + 30. Determine x(12).
-6
Let a(y) = -y**3 - 15*y**2 + 31*y - 52. Give a(-16).
-292
Let w(t) = t**2 - 140*t + 4402. What is w(48)?
-14
Let h(x) = x**3 - 16*x**2 + 42*x - 115. Give h(16).
557
Let v(p) = 37*p + 316. Calculate v(-11).
-91
Let b(z) = -z**3 + 3*z**2 - 63*z + 416. What is b(6)?
-70
Let t(l) = -2*l**3 + 33*l**2 - 16*l + 8. What is t(16)?
8
Let a(n) = 77*n + 275. What is a(-5)?
-110
Let b(o) = o**2 - 92*o + 1904. What is b(34)?
-68
Let l(g) = 33*g + 607. Determine l(-15).
112
Let f(l) = -l**2 + 81*l - 1314. Give f(58).
20
Let r(k) = 33*k**2 - 92*k - 17. What is r(3)?
4
Let n(b) = b**3 + 6*b**2 - 8*b + 225. What is n(-10)?
-95
Let l(n) = n**2 - 16*n - 2. Give l(0).
-2
Let c(u) = 413*u**2 - 14*u + 5. Calculate c(1).
404
Let n(s) = 3*s**2 + 27*s - 166. Calculate n(-23).
800
Let d(y) = 366*y + 4794. Give d(-13).
36
Let v(t) = 11*t**2 + 38*t - 11. Calculate v(-4).
13
Let x(m) = 64*m**2 - 2*m - 1. Calculate x(-1).
65
Let y(a) = -a**2 - 307*a + 5925. Calculate y(18).
75
Let b(m) = -3*m**2 - 93*m - 327. What is b(-27)?
-3
Let q(y) = -y**2 - 70*y - 199. Calculate q(-3).
2
Let q(h) = h**3 - 55*h**2 - 432*h + 19. Determine q(-7).
5
Let s(d) = d**3 - 134*d - 384. Determine s(-3).
-9
Let y(j) = -j**3 - 11*j**2 + 6*j + 70. Calculate y(-11).
4
Let v(g) = -232*g + 1857. Calculate v(8).
1
Let u(r) = -17*r**3 + 3*r**2 - 29*r + 26. Determine u(1).
-17
Let t(p) = -253*p - 3379. Determine t(-13).
-90
Let c(x) = -10*x - 130. Determine c(-24).
110
Let o(l) = 2*l**3 - 11*l**2 + 13*l + 2. Determine o(6).
116
Let a(l) = -l**3 - 9*l - 8. Give a(0).
-8
Let y(p) = -p**3 - 48*p**2 + 104*p + 210. Give y(-50).
10
Let n(f) = f**2 + 273*f + 2140. What is n(-8)?
20
Let u(o) = -12*o**3 - 111*o**2 + o - 10. Determine u(-9).
-262
Let j(l) = 65*l + 13. What is j(3)?
208
Let u(p) = -5*p**3 - 2*p**2 + 12*p - 9. Determine u(4).
-313
Let g(v) = 6*v**3 + 4*v**2 + 2*v - 4. Determine g(-2).
-40
Let j(z) = z**3 + 21*z**2 + 102*z + 7. Determine j(-13).
33
Let l(w) = 5*w**3 - 19*w**2 - 9*w + 28. Calculate l(3).
-35
Let y(k) = k**3 - 6*k**2 - 14*k + 83. What is y(6)?
-1
Let s(k) = 119*k**2 + 477*k + 7. Calculate s(-4).
3
Let p(n) = 39*n - 470. Give p(19).
271
Let s(o) = 176*o**2 + 1582*o - 14. Determine s(-9).
4
Let i(t) = 194*t - 1755. Calculate i(9).
-9
Let a(k) = -145*k + 8426. Give a(58).
16
Let j(w) = -7*w**2 - 13*w - 17. Calculate j(8).
-569
Let t(r) = -56*r + 766. Calculate t(14).
-18
Let h(o) = -2*o**2 + 48*o + 368. What is h(-6)?
8
Let i(c) = -21*c - 307. What is i(-11)?
-76
Let y(a) = -a**3 - 13*a**2 + 3*a + 22. Give y(-14).
176
Let h(b) = -2*b**3 + 17*b**2 - b + 58. What is h(9)?
-32
Let z(g) = g**3 - 14*g**2 + 23*g - 133. Determine z(13).
-3
Let r(x) = 2805*x - 2810. Calculate r(1).
-5
Let z(y) = y**3 - 28*y**2 - 197*y - 237. What is z(34)?
1
Let c(l) = 2*l**3 - 54*l**2 - 162*l - 523. Determine c(30).
17
Let a(u) = u**2 - 30*u + 275. What is a(15)?
50
Let w(t) = -t**3 - 57*t**2 - 177*t - 10090. Determine w(-57).
-1
Let z(j) = -2619*j + 15537. What is z(6)?
-177
Let v(w) = -13*w**3 + 4*w + 15. Calculate v(-2).
111
Let w(b) = -b**3 - 46*b**2 - 519*b + 10. Give w(-20).
-10
Let f(x) = -162*x - 15501. Determine f(-95).
-111
Let i(m) = -m**2 - 579*m + 11363. Calculate i(19).
1
Let l(a) = 3*a**2 - 251*a + 451. Give l(81).
-197
Let n(u) = 17*u**2 + 32*u + 4. Calculate n(-2).
8
Let s(u) = 1174*u + 9358. Give s(-8).
-34
Let m(q) = -4*q**2 - 191*q + 5866. Give m(-69).
1
Let b(f) = -f**3 + 21*f**2 - 33*f - 35. What is b(19)?
60
Let z(o) = 4*o**3 + 2*o**2 - 15*o - 112. Determine z(-5).
-487
Let w(y) = 12*y + 482. Determine w(-46).
-70
Let s(m) = m**2 + 4*m - 89. Give s(16).
231
Let p(u) = -209*u - 2511. Determine p(-12).
-3
Let o(t) = -t**3 + 50*t**2 - 74*t + 1219. Give o(49).
-6
Let d(l) = l**3 - 17*l**2 - 152*l + 321. Determine d(23).
-1
Let n(y) = -29*y**2 - 3861*y - 519. Give n(-133).
13
Let m(k) = -2*k + 17. Give m(-8).
33
Let g(u) = -u**3 - 18*u**2 - 28*u - 886. Give g(-19).
7
Let l(k) = -k**2 + 21*k + 98. What is l(14)?
196
Let n(l) = -13*l**2 + 131*l - 9. Give n(10).
1
Let t(m) = 14*m**2 - 4*m - 75. Give t(-6).
453
Let m(y) = -y**3 + 24*y**2 + 37*y + 44. Determine m(25).
344
Let n(q) = q - 62. Determine n(-31).
-93
Let d(u) = 32*u + 37. Determine d(-3).
-59
Let z(j) = j**3 - 3*j**2 - 32*j + 145. Calculate z(7).
117
Let m(u) = 14*u**2 + 148*u + 78. What is m(-10)?
-2
Let y(x) = -2*x**3 + 8*x**2 - 36*x + 112. Give y(4).
-32
Let a(p) = 7*p**3 - 3*p - 4. Calculate a(2).
46
Let j(s) = s**2 + 11*s - 11. Determine j(-10).
-21
Let u(x) = x**2 + 150*x + 3383. What is u(-28)?
-33
Let g(m) = 2*m**2 - 335*m - 7926. What is g(-21)?
-9
Let j(x) = -13*x**3 - 28*x**2 - 5*x + 5. What is j(-3)?
119
Let o(y) = 30*y + 811. Calculate o(-26).
31
Let c(r) = -r**2 - 13*r - 28. Determine c(-15).
-58
Let l(h) = -2*h**2 - 2796*h - 16698. Calculate l(-6).
6
Let y(q) = 3*q**2 + 12*q + 28. What is y(-3)?
19
Let w(n) = 3*n**3 - 37*n**2 - 131*n + 122. Calculate w(15).
-43
Let x(y) = -y**3 - y**2 - 8*y + 114. Give x(0).
114
Let g(o) = 204*o - 39161. Give g(192).
7
Let l(b) = 2*b**2 + 56*b - 754. Give l(10).
6
Let v(y) = -y**2 + 31*y + 104. Give v(-4).
-36
Let b(w) = -w**2 - 40*w - 338. Calculate b(-44).
-514
Let o(j) = -1675*j - 195979. Give o(-117).
-4
Let c(v) = 7073*v + 42434. What is c(-6)?
-4
Let v(t) = 39*t**3 - 34*t - 35. Determine v(-1).
-40
Let m(x) = -41*x**2 + 572*x - 1. Calculate m(14).
-29
Let t(g) = -g**3 - 43*g**2 - 42*g - 22. Give t(-42).
-22
Let m(f) = 3*f**2 - 19*f - 78. Determine m(-4).
46
Let d(v) = v**3 + 2*v**2 - 4*v - 82. What is d(0)?
-82
Let i(g) = 2*g**3 + 8*g**2 - 5*g - 27. Determine i(-6).
-141
Let t(m) = 6*m**3 - 101*m**2 - 18*m + 84. Calculate t(17).
67
Let q(c) = -c**3 - 7*c**2 + 6*c - 28. Give q(-8).
-12
Let p(x) = -12*x**3 + 2*x**2 + x - 2. Calculate p(-2).
100
Let w(f) = f**3 - 22*f**2 + 154*f - 601. What is w(14)?
-13
Let y(l) = -l**3 + 12*l**2 + 11*l - 95. What is y(9)?
247
Let n(t) = t**3 + 11*t**2 - 33*t - 56. Give n(-13).
35
Let n(m) = m**2 + 3*m + 36. What is n(10)?
166
Let d(n) = 9*n**2 - 1153*n + 43. Determine d(128).
-85
Let z(t) = 37*t**3 - 24*t + 25. What is z(1)?
38
Let a(k) = 1386*k - 12448. Calculate a(9).
26
Let s(z) = z**2 - 18*z - 26. Determine s(19).
-7
Let a(z) = -41*z - 71. Determine a(-5).
134
Let d(h) = 10*h**2 + 142*h + 424. Determine d(-10).
4
Let w(k) = k**2 - 32*k + 14. Calculate w(13).
-233
Let h(c) = -4*c**3 - 147*c**2 - 111*c - 143. What is h(-36)?
-35
Let a(s) = -11*s - 32. Calculate a(-20).
188
Let p(k) = 5*k - 19. Give p(29).
126
Let l(h) = -h**2 - 29*h + 203. Determine l(6).
-7
Let l(i) = 121*i + 2789. Give l(-23).
6
Let r(f) = -f**2 - 13*f - 3. Determine r(-8).
37
Let s(w) = -w**3 + 5*w**2 + 179*w - 49. Calculate s(16).
-1
Let u(b) = 12462*b - 16. What is u(0)?
-16
Let g(u) = u**2 - 11*u - 471. What is g(28)?
5
Let j(x) = -3*x**3 + 185*x**2 - 309*x + 543. Calculate j(60).
3
Let y(u) = -13*u**2 + 392*u + 11. What is y(30)?
71
Let d(c) = 4*c**3 - 18*c**2 - c + 4. Wh